{"id":44,"date":"2014-01-14T17:36:42","date_gmt":"2014-01-14T15:36:42","guid":{"rendered":"http:\/\/truesche.com\/TSGK\/?page_id=44"},"modified":"2018-12-02T16:36:02","modified_gmt":"2018-12-02T15:36:02","slug":"tauchen","status":"publish","type":"page","link":"https:\/\/truesche.com\/TSGK\/aktivitaeten\/tauchen\/","title":{"rendered":"Tauchen"},"content":{"rendered":"<p>Wir tauchen regelm\u00e4\u00dfig an den Tauchpl\u00e4tzen in und um Konstanz. So wird Du jeden Donnerstagabend Mitglieder aus unserem Verein an einem der Konstanzer-Tauchpl\u00e4tze treffen.<br \/>\nF\u00fcr Vereinsmitglieder sind auch begleitete Tauchg\u00e4nge mit erfahrenen Bodensee-Tauchern m\u00f6glich &#8211; nimm einfach Kontakt mit uns auf wenn Du interessiert bist.<\/p>\n<p>&nbsp;<\/p>\n<p><a href=\"https:\/\/truesche.com\/TSGK\/wp-content\/uploads\/2014\/01\/Foto-4.jpg\"><img decoding=\"async\" loading=\"lazy\" class=\"alignleft size-full wp-image-16\" src=\"https:\/\/truesche.com\/TSGK\/wp-content\/uploads\/2014\/01\/Foto-4.jpg\" alt=\"Foto-4\" width=\"3264\" height=\"2448\" \/><\/a><\/p>\n","protected":false},"excerpt":{"rendered":"<p>Wir tauchen regelm\u00e4\u00dfig an den Tauchpl\u00e4tzen in und um Konstanz. So wird Du jeden Donnerstagabend Mitglieder aus unserem Verein an einem der Konstanzer-Tauchpl\u00e4tze treffen. F\u00fcr Vereinsmitglieder sind auch begleitete Tauchg\u00e4nge mit erfahrenen Bodensee-Tauchern m\u00f6glich &#8211; nimm einfach Kontakt mit uns &#8230; <a class=\"more-link\" href=\"https:\/\/truesche.com\/TSGK\/aktivitaeten\/tauchen\/\">Read More &raquo;<\/a><\/p>\n","protected":false},"author":1,"featured_media":0,"parent":42,"menu_order":1,"comment_status":"closed","ping_status":"closed","template":"","meta":{"_bbp_topic_count":0,"_bbp_reply_count":0,"_bbp_total_topic_count":0,"_bbp_total_reply_count":0,"_bbp_voice_count":0,"_bbp_anonymous_reply_count":0,"_bbp_topic_count_hidden":0,"_bbp_reply_count_hidden":0,"_bbp_forum_subforum_count":0,"jetpack_post_was_ever_published":false},"yoast_head":"<!-- This site is optimized with the Yoast SEO plugin v20.8 - https:\/\/yoast.com\/wordpress\/plugins\/seo\/ -->\n<title>Tauchen - Tauchsportgruppe Konstanz e.V.<\/title>\n<meta name=\"robots\" content=\"index, follow, max-snippet:-1, max-image-preview:large, max-video-preview:-1\" \/>\n<link rel=\"canonical\" href=\"https:\/\/truesche.com\/TSGK\/aktivitaeten\/tauchen\/\" \/>\n<meta property=\"og:locale\" content=\"de_DE\" \/>\n<meta property=\"og:type\" content=\"article\" \/>\n<meta property=\"og:title\" content=\"Tauchen - Tauchsportgruppe Konstanz e.V.\" \/>\n<meta property=\"og:description\" content=\"Wir tauchen regelm\u00e4\u00dfig an den Tauchpl\u00e4tzen in und um Konstanz. So wird Du jeden Donnerstagabend Mitglieder aus unserem Verein an einem der Konstanzer-Tauchpl\u00e4tze treffen. F\u00fcr Vereinsmitglieder sind auch begleitete Tauchg\u00e4nge mit erfahrenen Bodensee-Tauchern m\u00f6glich &#8211; nimm einfach Kontakt mit uns ... Read More &raquo;\" \/>\n<meta property=\"og:url\" content=\"https:\/\/truesche.com\/TSGK\/aktivitaeten\/tauchen\/\" \/>\n<meta property=\"og:site_name\" content=\"Tauchsportgruppe Konstanz e.V.\" \/>\n<meta property=\"article:modified_time\" content=\"2018-12-02T15:36:02+00:00\" \/>\n<meta property=\"og:image\" content=\"https:\/\/truesche.com\/TSGK\/wp-content\/uploads\/2014\/01\/Foto-4.jpg\" \/>\n<script type=\"application\/ld+json\" class=\"yoast-schema-graph\">{\"@context\":\"https:\/\/schema.org\",\"@graph\":[{\"@type\":\"WebPage\",\"@id\":\"https:\/\/truesche.com\/TSGK\/aktivitaeten\/tauchen\/\",\"url\":\"https:\/\/truesche.com\/TSGK\/aktivitaeten\/tauchen\/\",\"name\":\"Tauchen - Tauchsportgruppe Konstanz e.V.\",\"isPartOf\":{\"@id\":\"https:\/\/truesche.com\/TSGK\/#website\"},\"datePublished\":\"2014-01-14T15:36:42+00:00\",\"dateModified\":\"2018-12-02T15:36:02+00:00\",\"breadcrumb\":{\"@id\":\"https:\/\/truesche.com\/TSGK\/aktivitaeten\/tauchen\/#breadcrumb\"},\"inLanguage\":\"de\",\"potentialAction\":[{\"@type\":\"ReadAction\",\"target\":[\"https:\/\/truesche.com\/TSGK\/aktivitaeten\/tauchen\/\"]}]},{\"@type\":\"BreadcrumbList\",\"@id\":\"https:\/\/truesche.com\/TSGK\/aktivitaeten\/tauchen\/#breadcrumb\",\"itemListElement\":[{\"@type\":\"ListItem\",\"position\":1,\"name\":\"Home\",\"item\":\"https:\/\/truesche.com\/TSGK\/\"},{\"@type\":\"ListItem\",\"position\":2,\"name\":\"Aktivit\u00e4ten\",\"item\":\"https:\/\/truesche.com\/TSGK\/aktivitaeten\/\"},{\"@type\":\"ListItem\",\"position\":3,\"name\":\"Tauchen\"}]},{\"@type\":\"WebSite\",\"@id\":\"https:\/\/truesche.com\/TSGK\/#website\",\"url\":\"https:\/\/truesche.com\/TSGK\/\",\"name\":\"Tauchsportgruppe Konstanz e.V.\",\"description\":\"Die Seite der Tauchsportgruppe Konstanz\",\"potentialAction\":[{\"@type\":\"SearchAction\",\"target\":{\"@type\":\"EntryPoint\",\"urlTemplate\":\"https:\/\/truesche.com\/TSGK\/?s={search_term_string}\"},\"query-input\":\"required name=search_term_string\"}],\"inLanguage\":\"de\"}]}<\/script>\n<!-- \/ Yoast SEO plugin. -->","yoast_head_json":{"title":"Tauchen - Tauchsportgruppe Konstanz e.V.","robots":{"index":"index","follow":"follow","max-snippet":"max-snippet:-1","max-image-preview":"max-image-preview:large","max-video-preview":"max-video-preview:-1"},"canonical":"https:\/\/truesche.com\/TSGK\/aktivitaeten\/tauchen\/","og_locale":"de_DE","og_type":"article","og_title":"Tauchen - Tauchsportgruppe Konstanz e.V.","og_description":"Wir tauchen regelm\u00e4\u00dfig an den Tauchpl\u00e4tzen in und um Konstanz. So wird Du jeden Donnerstagabend Mitglieder aus unserem Verein an einem der Konstanzer-Tauchpl\u00e4tze treffen. F\u00fcr Vereinsmitglieder sind auch begleitete Tauchg\u00e4nge mit erfahrenen Bodensee-Tauchern m\u00f6glich &#8211; nimm einfach Kontakt mit uns ... Read More &raquo;","og_url":"https:\/\/truesche.com\/TSGK\/aktivitaeten\/tauchen\/","og_site_name":"Tauchsportgruppe Konstanz e.V.","article_modified_time":"2018-12-02T15:36:02+00:00","og_image":[{"url":"https:\/\/truesche.com\/TSGK\/wp-content\/uploads\/2014\/01\/Foto-4.jpg"}],"schema":{"@context":"https:\/\/schema.org","@graph":[{"@type":"WebPage","@id":"https:\/\/truesche.com\/TSGK\/aktivitaeten\/tauchen\/","url":"https:\/\/truesche.com\/TSGK\/aktivitaeten\/tauchen\/","name":"Tauchen - Tauchsportgruppe Konstanz e.V.","isPartOf":{"@id":"https:\/\/truesche.com\/TSGK\/#website"},"datePublished":"2014-01-14T15:36:42+00:00","dateModified":"2018-12-02T15:36:02+00:00","breadcrumb":{"@id":"https:\/\/truesche.com\/TSGK\/aktivitaeten\/tauchen\/#breadcrumb"},"inLanguage":"de","potentialAction":[{"@type":"ReadAction","target":["https:\/\/truesche.com\/TSGK\/aktivitaeten\/tauchen\/"]}]},{"@type":"BreadcrumbList","@id":"https:\/\/truesche.com\/TSGK\/aktivitaeten\/tauchen\/#breadcrumb","itemListElement":[{"@type":"ListItem","position":1,"name":"Home","item":"https:\/\/truesche.com\/TSGK\/"},{"@type":"ListItem","position":2,"name":"Aktivit\u00e4ten","item":"https:\/\/truesche.com\/TSGK\/aktivitaeten\/"},{"@type":"ListItem","position":3,"name":"Tauchen"}]},{"@type":"WebSite","@id":"https:\/\/truesche.com\/TSGK\/#website","url":"https:\/\/truesche.com\/TSGK\/","name":"Tauchsportgruppe Konstanz e.V.","description":"Die Seite der Tauchsportgruppe Konstanz","potentialAction":[{"@type":"SearchAction","target":{"@type":"EntryPoint","urlTemplate":"https:\/\/truesche.com\/TSGK\/?s={search_term_string}"},"query-input":"required name=search_term_string"}],"inLanguage":"de"}]}},"jetpack_sharing_enabled":true,"jetpack_shortlink":"https:\/\/wp.me\/P4sULs-I","_links":{"self":[{"href":"https:\/\/truesche.com\/TSGK\/wp-json\/wp\/v2\/pages\/44"}],"collection":[{"href":"https:\/\/truesche.com\/TSGK\/wp-json\/wp\/v2\/pages"}],"about":[{"href":"https:\/\/truesche.com\/TSGK\/wp-json\/wp\/v2\/types\/page"}],"author":[{"embeddable":true,"href":"https:\/\/truesche.com\/TSGK\/wp-json\/wp\/v2\/users\/1"}],"replies":[{"embeddable":true,"href":"https:\/\/truesche.com\/TSGK\/wp-json\/wp\/v2\/comments?post=44"}],"version-history":[{"count":5,"href":"https:\/\/truesche.com\/TSGK\/wp-json\/wp\/v2\/pages\/44\/revisions"}],"predecessor-version":[{"id":723,"href":"https:\/\/truesche.com\/TSGK\/wp-json\/wp\/v2\/pages\/44\/revisions\/723"}],"up":[{"embeddable":true,"href":"https:\/\/truesche.com\/TSGK\/wp-json\/wp\/v2\/pages\/42"}],"wp:attachment":[{"href":"https:\/\/truesche.com\/TSGK\/wp-json\/wp\/v2\/media?parent=44"}],"curies":[{"name":"wp","href":"https:\/\/api.w.org\/{rel}","templated":true}]}}