{"id":400,"date":"2014-10-21T22:53:27","date_gmt":"2014-10-21T20:53:27","guid":{"rendered":"http:\/\/truesche.com\/TSGK\/?page_id=400"},"modified":"2014-12-07T21:58:26","modified_gmt":"2014-12-07T20:58:26","slug":"links","status":"publish","type":"page","link":"https:\/\/truesche.com\/TSGK\/informationen\/links\/","title":{"rendered":"Links"},"content":{"rendered":"<p>&#8211; Sturmwarnung am Bodensee<br \/>\n<a title=\"http:\/\/www.kttg.ch\/kapo\/htm\/stwarn.shtml\" href=\"http:\/\/www.kttg.ch\/kapo\/htm\/stwarn.shtml\" target=\"_blank\">http:\/\/www.kttg.ch\/kapo\/htm\/stwarn.shtml<\/a><\/p>\n<p>&#8211; Homepage des Verbands Deutscher Sporttaucher (VDST) &#8211; unserem Dachverband:<br \/>\n<a title=\"http:\/\/www.vdst.de\/\" href=\"http:\/\/www.vdst.de\/\" target=\"_blank\">http:\/\/www.vdst.de\/<\/a><\/p>\n<p>Dort gibt es unter anderem die neuesten Pr\u00fcfungsordnungen zum <a title=\"http:\/\/www.vdst.de\/info-mediathek\/downloads\/mitglieder.html\" href=\"http:\/\/www.vdst.de\/info-mediathek\/downloads\/mitglieder.html\" target=\"_blank\">Download <\/a> und viele weiter interessante Informationen, nicht nur f\u00fcr CMAS-Taucher.<\/p>\n<p>&#8211; Homepage des Badischen Tauchsportverbands<br \/>\n<a title=\"http:\/\/www.btsv.de\/\" href=\"http:\/\/www.btsv.de\/\" target=\"_blank\">http:\/\/www.btsv.de\/<\/a><\/p>\n<p>&#8211; Gesellschaft f\u00fcr Tauch- und \u00dcberdruckmedizin<br \/>\n<a title=\"http:\/\/www.gtuem.org\/\" href=\"http:\/\/www.gtuem.org\/\" target=\"_blank\">http:\/\/www.gtuem.org\/<\/a><br \/>\nHier k\u00f6nnen unter anderem die Formulare f\u00fcr die Tauchsport\u00e4rztliche Untersuchung heruntergeladen werden.<\/p>\n<p>&#8211; Facebook-Seite der Druckkammer \u00dcberlingen<br \/>\n<a title=\"https:\/\/de-de.facebook.com\/druckkammer.ueberlingen\" href=\"https:\/\/de-de.facebook.com\/druckkammer.ueberlingen\" target=\"_blank\">https:\/\/de-de.facebook.com\/druckkammer.ueberlingen\/<\/a><\/p>\n<p>&#8211; Tauchplatzsammlung Bodensee<br \/>\n<a title=\"https:\/\/truesche.com\/\" href=\"https:\/\/truesche.com\/\" target=\"_blank\">https:\/\/truesche.com\/<\/a><\/p>\n<p>&#8211; Informationssammlung zum Tauchplatz &#8222;Teufelstisch&#8220;<br \/>\n<a title=\"http:\/\/www.teufelstisch.de\/index_noframe.html\" href=\"http:\/\/www.teufelstisch.de\/index_noframe.html\" target=\"_blank\">http:\/\/www.teufelstisch.de\/index_noframe.html<\/a><\/p>\n<p>&#8211; Tina&#8217;s Tauchschule in KN-Wallhausen<br \/>\n<a title=\"http:\/\/www.tinas-tauchschule.de\/\" href=\"http:\/\/www.tinas-tauchschule.de\/\" target=\"_blank\">http:\/\/www.tinas-tauchschule.de\/\/<\/a><\/p>\n<p>&nbsp;<\/p>\n<p>Die TSGK ist nicht verantwortlich f\u00fcr die Inhalte der verlinkten Seiten.<\/p>\n","protected":false},"excerpt":{"rendered":"<p>&#8211; Sturmwarnung am Bodensee http:\/\/www.kttg.ch\/kapo\/htm\/stwarn.shtml &#8211; Homepage des Verbands Deutscher Sporttaucher (VDST) &#8211; unserem Dachverband: http:\/\/www.vdst.de\/ Dort gibt es unter anderem die neuesten Pr\u00fcfungsordnungen zum Download und viele weiter interessante Informationen, nicht nur f\u00fcr CMAS-Taucher. &#8211; Homepage des Badischen Tauchsportverbands &#8230; <a class=\"more-link\" href=\"https:\/\/truesche.com\/TSGK\/informationen\/links\/\">Read More &raquo;<\/a><\/p>\n","protected":false},"author":4,"featured_media":0,"parent":398,"menu_order":2,"comment_status":"closed","ping_status":"open","template":"","meta":{"_bbp_topic_count":0,"_bbp_reply_count":0,"_bbp_total_topic_count":0,"_bbp_total_reply_count":0,"_bbp_voice_count":0,"_bbp_anonymous_reply_count":0,"_bbp_topic_count_hidden":0,"_bbp_reply_count_hidden":0,"_bbp_forum_subforum_count":0,"jetpack_post_was_ever_published":false},"yoast_head":"<!-- This site is optimized with the Yoast SEO plugin v20.8 - https:\/\/yoast.com\/wordpress\/plugins\/seo\/ -->\n<title>Links - Tauchsportgruppe Konstanz e.V.<\/title>\n<meta name=\"robots\" content=\"index, follow, max-snippet:-1, max-image-preview:large, max-video-preview:-1\" \/>\n<link rel=\"canonical\" href=\"https:\/\/truesche.com\/TSGK\/informationen\/links\/\" \/>\n<meta property=\"og:locale\" content=\"de_DE\" \/>\n<meta property=\"og:type\" content=\"article\" \/>\n<meta property=\"og:title\" content=\"Links - Tauchsportgruppe Konstanz e.V.\" \/>\n<meta property=\"og:description\" content=\"&#8211; Sturmwarnung am Bodensee http:\/\/www.kttg.ch\/kapo\/htm\/stwarn.shtml &#8211; Homepage des Verbands Deutscher Sporttaucher (VDST) &#8211; unserem Dachverband: http:\/\/www.vdst.de\/ Dort gibt es unter anderem die neuesten Pr\u00fcfungsordnungen zum Download und viele weiter interessante Informationen, nicht nur f\u00fcr CMAS-Taucher. &#8211; Homepage des Badischen Tauchsportverbands ... Read More &raquo;\" \/>\n<meta property=\"og:url\" content=\"https:\/\/truesche.com\/TSGK\/informationen\/links\/\" \/>\n<meta property=\"og:site_name\" content=\"Tauchsportgruppe Konstanz e.V.\" \/>\n<meta property=\"article:modified_time\" content=\"2014-12-07T20:58:26+00:00\" \/>\n<meta name=\"twitter:label1\" content=\"Gesch\u00e4tzte Lesezeit\" \/>\n\t<meta name=\"twitter:data1\" content=\"1\u00a0Minute\" \/>\n<script type=\"application\/ld+json\" class=\"yoast-schema-graph\">{\"@context\":\"https:\/\/schema.org\",\"@graph\":[{\"@type\":\"WebPage\",\"@id\":\"https:\/\/truesche.com\/TSGK\/informationen\/links\/\",\"url\":\"https:\/\/truesche.com\/TSGK\/informationen\/links\/\",\"name\":\"Links - Tauchsportgruppe Konstanz e.V.\",\"isPartOf\":{\"@id\":\"https:\/\/truesche.com\/TSGK\/#website\"},\"datePublished\":\"2014-10-21T20:53:27+00:00\",\"dateModified\":\"2014-12-07T20:58:26+00:00\",\"breadcrumb\":{\"@id\":\"https:\/\/truesche.com\/TSGK\/informationen\/links\/#breadcrumb\"},\"inLanguage\":\"de\",\"potentialAction\":[{\"@type\":\"ReadAction\",\"target\":[\"https:\/\/truesche.com\/TSGK\/informationen\/links\/\"]}]},{\"@type\":\"BreadcrumbList\",\"@id\":\"https:\/\/truesche.com\/TSGK\/informationen\/links\/#breadcrumb\",\"itemListElement\":[{\"@type\":\"ListItem\",\"position\":1,\"name\":\"Home\",\"item\":\"https:\/\/truesche.com\/TSGK\/\"},{\"@type\":\"ListItem\",\"position\":2,\"name\":\"Informationen\",\"item\":\"https:\/\/truesche.com\/TSGK\/informationen\/\"},{\"@type\":\"ListItem\",\"position\":3,\"name\":\"Links\"}]},{\"@type\":\"WebSite\",\"@id\":\"https:\/\/truesche.com\/TSGK\/#website\",\"url\":\"https:\/\/truesche.com\/TSGK\/\",\"name\":\"Tauchsportgruppe Konstanz e.V.\",\"description\":\"Die Seite der Tauchsportgruppe Konstanz\",\"potentialAction\":[{\"@type\":\"SearchAction\",\"target\":{\"@type\":\"EntryPoint\",\"urlTemplate\":\"https:\/\/truesche.com\/TSGK\/?s={search_term_string}\"},\"query-input\":\"required name=search_term_string\"}],\"inLanguage\":\"de\"}]}<\/script>\n<!-- \/ Yoast SEO plugin. -->","yoast_head_json":{"title":"Links - Tauchsportgruppe Konstanz e.V.","robots":{"index":"index","follow":"follow","max-snippet":"max-snippet:-1","max-image-preview":"max-image-preview:large","max-video-preview":"max-video-preview:-1"},"canonical":"https:\/\/truesche.com\/TSGK\/informationen\/links\/","og_locale":"de_DE","og_type":"article","og_title":"Links - Tauchsportgruppe Konstanz e.V.","og_description":"&#8211; Sturmwarnung am Bodensee http:\/\/www.kttg.ch\/kapo\/htm\/stwarn.shtml &#8211; Homepage des Verbands Deutscher Sporttaucher (VDST) &#8211; unserem Dachverband: http:\/\/www.vdst.de\/ Dort gibt es unter anderem die neuesten Pr\u00fcfungsordnungen zum Download und viele weiter interessante Informationen, nicht nur f\u00fcr CMAS-Taucher. &#8211; Homepage des Badischen Tauchsportverbands ... Read More &raquo;","og_url":"https:\/\/truesche.com\/TSGK\/informationen\/links\/","og_site_name":"Tauchsportgruppe Konstanz e.V.","article_modified_time":"2014-12-07T20:58:26+00:00","twitter_misc":{"Gesch\u00e4tzte Lesezeit":"1\u00a0Minute"},"schema":{"@context":"https:\/\/schema.org","@graph":[{"@type":"WebPage","@id":"https:\/\/truesche.com\/TSGK\/informationen\/links\/","url":"https:\/\/truesche.com\/TSGK\/informationen\/links\/","name":"Links - Tauchsportgruppe Konstanz e.V.","isPartOf":{"@id":"https:\/\/truesche.com\/TSGK\/#website"},"datePublished":"2014-10-21T20:53:27+00:00","dateModified":"2014-12-07T20:58:26+00:00","breadcrumb":{"@id":"https:\/\/truesche.com\/TSGK\/informationen\/links\/#breadcrumb"},"inLanguage":"de","potentialAction":[{"@type":"ReadAction","target":["https:\/\/truesche.com\/TSGK\/informationen\/links\/"]}]},{"@type":"BreadcrumbList","@id":"https:\/\/truesche.com\/TSGK\/informationen\/links\/#breadcrumb","itemListElement":[{"@type":"ListItem","position":1,"name":"Home","item":"https:\/\/truesche.com\/TSGK\/"},{"@type":"ListItem","position":2,"name":"Informationen","item":"https:\/\/truesche.com\/TSGK\/informationen\/"},{"@type":"ListItem","position":3,"name":"Links"}]},{"@type":"WebSite","@id":"https:\/\/truesche.com\/TSGK\/#website","url":"https:\/\/truesche.com\/TSGK\/","name":"Tauchsportgruppe Konstanz e.V.","description":"Die Seite der Tauchsportgruppe Konstanz","potentialAction":[{"@type":"SearchAction","target":{"@type":"EntryPoint","urlTemplate":"https:\/\/truesche.com\/TSGK\/?s={search_term_string}"},"query-input":"required name=search_term_string"}],"inLanguage":"de"}]}},"jetpack_sharing_enabled":true,"jetpack_shortlink":"https:\/\/wp.me\/P4sULs-6s","_links":{"self":[{"href":"https:\/\/truesche.com\/TSGK\/wp-json\/wp\/v2\/pages\/400"}],"collection":[{"href":"https:\/\/truesche.com\/TSGK\/wp-json\/wp\/v2\/pages"}],"about":[{"href":"https:\/\/truesche.com\/TSGK\/wp-json\/wp\/v2\/types\/page"}],"author":[{"embeddable":true,"href":"https:\/\/truesche.com\/TSGK\/wp-json\/wp\/v2\/users\/4"}],"replies":[{"embeddable":true,"href":"https:\/\/truesche.com\/TSGK\/wp-json\/wp\/v2\/comments?post=400"}],"version-history":[{"count":23,"href":"https:\/\/truesche.com\/TSGK\/wp-json\/wp\/v2\/pages\/400\/revisions"}],"predecessor-version":[{"id":530,"href":"https:\/\/truesche.com\/TSGK\/wp-json\/wp\/v2\/pages\/400\/revisions\/530"}],"up":[{"embeddable":true,"href":"https:\/\/truesche.com\/TSGK\/wp-json\/wp\/v2\/pages\/398"}],"wp:attachment":[{"href":"https:\/\/truesche.com\/TSGK\/wp-json\/wp\/v2\/media?parent=400"}],"curies":[{"name":"wp","href":"https:\/\/api.w.org\/{rel}","templated":true}]}}